{"id":77,"date":"2018-05-11T06:12:46","date_gmt":"2018-05-11T06:12:46","guid":{"rendered":"http:\/\/ms-print.info\/?page_id=77"},"modified":"2018-05-11T06:12:46","modified_gmt":"2018-05-11T06:12:46","slug":"sublimationsdruck","status":"publish","type":"page","link":"https:\/\/ms-print.info\/?page_id=77","title":{"rendered":"Sublimationsdruck"},"content":{"rendered":"<div class=\"space v_10\">\u00a0<u style=\"font-size: 1.125rem;\"><strong>SUBLIMATIONSDRUCK<\/strong><\/u><\/div>\n<div class=\"box product_detail full\">\n<div class=\"box full\">\n<p><span style=\"font-size: 1.125rem;\">Bestens geeignet f\u00fcr Fotos und mehrfarbige Motive.Druck nur auf <\/span>speziell<span style=\"font-size: 1.125rem;\">\u00a0f\u00fcr dieses Druckverfahren hergestellte Textilien und Werbemittel m\u00f6glich.<\/span>Anwendungsbereich<br \/>\nF\u00fcr die dauerhafte Beschriftung von Textilien und Werbemitteln.<br \/>\nBeispiel :<br \/>\n\u2013 T-Shirts, Polo-Shirt, Sweat-Shirts usw.<br \/>\n\u2013 Mousepads, Schirme, Handt\u00fccher<br \/>\n\u2013 Tassen und Kr\u00fcge<\/p>\n<p><strong><u>Materialbeschaffenheit<\/u><\/strong><br \/>\nDer Druck ist auf dem Textil nicht f\u00fchlbar. Die Farbe verbindet sich direkt mit dem Gewebe.<\/p>\n<p><u><strong>Verarbeitung<\/strong><\/u><br \/>\nDieses Druckverfahren ist genau wie der Digitaltrasfer bestens f\u00fcr Fotos und mehrfarbige Motive geeignet, hat aber wesentliche Vorteile. Das Motiv\/Foto wird mittels eines Sublimationsdruckers und spezieller Tinte auf ein Tr\u00e4gerpapier gedruckt. Durch die Hitze und dem Druck der Transferpresse verbindet sich die Tinte vom Tr\u00e4gerpapier mit dem Druckmedium. Das hat den Vorteil, dass man den Aufdruck nicht sp\u00fcren kann und das aufgedruckte Motiv nicht mehr ausgewaschen werden kann. Selbst beim versehentlichen kochen des Textil\u201cs bleibt der Aufdruck erhalten.<\/p>\n<p><strong><u>Vor- und Nachteile<\/u><\/strong><br \/>\nVorteile: sehr waschbest\u00e4ndig, der Aufdruck ist nicht f\u00fchlbar dadurch komfortable Trageeigenschaften des Textils, fotorealistische Drucke, Textilien sind sehr angenehm zu tragen und pflegeleicht<br \/>\nNachteile: es k\u00f6nnen nur speziell f\u00fcr dieses Druckverfahren hergestellte Textilien bedruckt werden, nur <strong>wei\u00dfe<\/strong> Textilien bedruckbar!<\/p>\n<\/div>\n<\/div>\n","protected":false},"excerpt":{"rendered":"<p>\u00a0SUBLIMATIONSDRUCK Bestens geeignet f\u00fcr Fotos und mehrfarbige Motive.Druck nur auf speziell\u00a0f\u00fcr dieses Druckverfahren hergestellte Textilien und Werbemittel m\u00f6glich.Anwendungsbereich F\u00fcr die dauerhafte Beschriftung von Textilien und Werbemitteln. Beispiel : \u2013 T-Shirts, Polo-Shirt, Sweat-Shirts usw. \u2013 Mousepads, Schirme, Handt\u00fccher \u2013 Tassen und Kr\u00fcge Materialbeschaffenheit Der Druck ist auf dem Textil nicht f\u00fchlbar. Die Farbe verbindet sich direkt [&hellip;]<\/p>\n","protected":false},"author":1,"featured_media":0,"parent":19,"menu_order":0,"comment_status":"closed","ping_status":"closed","template":"","meta":{"spay_email":""},"jetpack_sharing_enabled":true,"jetpack_shortlink":"https:\/\/wp.me\/P9TYuR-1f","_links":{"self":[{"href":"https:\/\/ms-print.info\/index.php?rest_route=\/wp\/v2\/pages\/77"}],"collection":[{"href":"https:\/\/ms-print.info\/index.php?rest_route=\/wp\/v2\/pages"}],"about":[{"href":"https:\/\/ms-print.info\/index.php?rest_route=\/wp\/v2\/types\/page"}],"author":[{"embeddable":true,"href":"https:\/\/ms-print.info\/index.php?rest_route=\/wp\/v2\/users\/1"}],"replies":[{"embeddable":true,"href":"https:\/\/ms-print.info\/index.php?rest_route=%2Fwp%2Fv2%2Fcomments&post=77"}],"version-history":[{"count":1,"href":"https:\/\/ms-print.info\/index.php?rest_route=\/wp\/v2\/pages\/77\/revisions"}],"predecessor-version":[{"id":78,"href":"https:\/\/ms-print.info\/index.php?rest_route=\/wp\/v2\/pages\/77\/revisions\/78"}],"up":[{"embeddable":true,"href":"https:\/\/ms-print.info\/index.php?rest_route=\/wp\/v2\/pages\/19"}],"wp:attachment":[{"href":"https:\/\/ms-print.info\/index.php?rest_route=%2Fwp%2Fv2%2Fmedia&parent=77"}],"curies":[{"name":"wp","href":"https:\/\/api.w.org\/{rel}","templated":true}]}}